{"id":2,"date":"2019-09-03T21:17:10","date_gmt":"2019-09-03T21:17:10","guid":{"rendered":"https:\/\/destinationcyber.com\/?page_id=2"},"modified":"2020-07-08T00:44:50","modified_gmt":"2020-07-07T22:44:50","slug":"about-us","status":"publish","type":"page","link":"https:\/\/destinationcyber.com\/?page_id=2","title":{"rendered":"Fran\u00e7ois Deplaine, cr\u00e9ateur de Destinationcyber.com"},"content":{"rendered":"\n<p>Ancien militaire, de formation plongeur d\u00e9mineur, analyste-programmeur, webmaster,<br>passionn\u00e9 d&rsquo;informatique, il se lance \u00e0 fond dans cette voie, devient technicien de maintenance en mat\u00e9riels informatis\u00e9s, orient\u00e9 r\u00e9seau, Web, et assistance aux utilisateurs.<\/p>\n\n\n\n<p>En 1997, cr\u00e9e son premier site Web, [destinationzebra.tech->http:\/\/www.destinationzebra.tech\/], qui fait royalement 1000 visites en une ann\u00e9e, puis deplaine.com, magazine d&rsquo;information qui cartonne \u00e0 100.000 visiteurs par mois. <\/p>\n\n\n\n<p>Et catastrophe, le site web \u00e9tait h\u00e9berg\u00e9 chez moi. En changeant d&rsquo;h\u00e9bergeur pro, trop cher, vers Free, en d\u00e9but janvier 2001, j&rsquo;ai \u00e9t\u00e9 coup\u00e9 du monde pendant un mois et demie. <\/p>\n\n\n\n<p>Plus de nom de domaine, vol\u00e9 par un amerloque charognard. Je change mon fusil d&rsquo;\u00e9paule et cr\u00e9e en juillet 2001 destinationcyber.com qui a ce jour vient de faire 61739 visites d\u00e9taill\u00e9es comme suit : de juillet \u00e0 d\u00e9cembre 2002 inclut 29373 visites, 60142 pages vues avec pub; de janvier au 3 f\u00e9vrier 2003 inclut 32366 visites, 59357 pages vues avec pub.<\/p>\n\n\n\n<div style=\"height:60px\" aria-hidden=\"true\" class=\"wp-block-spacer\"><\/div>\n\n\n\n<div class=\"wp-block-citadela-blocks-custom-container citadela-block-custom-container size-wide bg-type-color inside-space-none has-bg\" style=\"background-color:#f7f3ef\"><div class=\"inner-holder\">\n<div class=\"wp-block-columns alignwide has-3-columns is-layout-flex wp-container-core-columns-is-layout-9d6595d7 wp-block-columns-is-layout-flex\">\n<div class=\"wp-block-column is-layout-flow wp-block-column-is-layout-flow\"><\/div>\n\n\n\n<div class=\"wp-block-column is-layout-flow wp-block-column-is-layout-flow\">\n<div class=\"wp-block-image\"><figure class=\"aligncenter size-large\"><img loading=\"lazy\" decoding=\"async\" width=\"295\" height=\"295\" src=\"https:\/\/destinationcyber.com\/wp-content\/uploads\/2020\/07\/12274228_10207967718979506_7698351754457658234_n.jpg\" alt=\"\" class=\"wp-image-10891\" srcset=\"https:\/\/destinationcyber.com\/wp-content\/uploads\/2020\/07\/12274228_10207967718979506_7698351754457658234_n.jpg 295w, https:\/\/destinationcyber.com\/wp-content\/uploads\/2020\/07\/12274228_10207967718979506_7698351754457658234_n-150x150.jpg 150w\" sizes=\"auto, (max-width: 295px) 100vw, 295px\" \/><\/figure><\/div>\n\n\n\n<h3 class=\"has-text-align-center wp-block-heading\">Fran\u00e7ois Deplaine<\/h3>\n\n\n\n<p>Plongeur d\u00e9mineur, officier de garde sur le b\u00e2timent base de plongeurs d\u00e9mineurs VULCAIN <\/p>\n<\/div>\n\n\n\n<div class=\"wp-block-column is-layout-flow wp-block-column-is-layout-flow\"><\/div>\n<\/div>\n<\/div><\/div>\n\n\n\n<div style=\"height:100px\" aria-hidden=\"true\" class=\"wp-block-spacer\"><\/div>\n\n\n\n<div class=\"wp-block-citadela-blocks-custom-container citadela-block-custom-container size-wide bg-type-image inside-space-none bg-size-cover\" style=\"background-image:url(https:\/\/destinationcyber.com\/wp-content\/uploads\/2019\/09\/graph.png);background-repeat:no-repeat;background-position:40% 100%\"><div class=\"inner-holder\">\n<div class=\"wp-block-columns alignwide has-2-columns is-layout-flex wp-container-core-columns-is-layout-9d6595d7 wp-block-columns-is-layout-flex\">\n<div class=\"wp-block-column is-layout-flow wp-block-column-is-layout-flow\">\n<h2 class=\"wp-block-heading\">Citadela theme is created by AitThemes, a professional WordPress company<\/h2>\n\n\n\n<hr class=\"wp-block-separator is-style-default\"\/>\n\n\n\n<p>Citadela is a natural progress made of all our experience with WordPress. Today, more than 200.000 websites user our WordPress themes.<\/p>\n\n\n\n<h4 class=\"wp-block-heading\">2019<\/h4>\n\n\n\n<p style=\"background-color:#f7f3ef\" class=\"has-background\">Citadela theme and plugins are released. All made from scratch based on fantastic new WordPress Block editor &amp; Customizer. Citadela also fully supports Elementor Page Builder.<\/p>\n<\/div>\n\n\n\n<div class=\"wp-block-column is-layout-flow wp-block-column-is-layout-flow\">\n<h4 class=\"wp-block-heading\">2014<\/h4>\n\n\n\n<p>We have launched <a rel=\"noreferrer noopener\" aria-label=\"ait-themes.club (opens in a new tab)\" href=\"https:\/\/ait-themes.club\" target=\"_blank\">ait-themes.club<\/a>, our own WordPress themes club offering over 270 WordPress products: 70 themes, 27 plugins, 175 graphics.<\/p>\n\n\n\n<h4 class=\"wp-block-heading\">2009<\/h4>\n\n\n\n<p>We have released our first premium WordPress theme that we sold on Themeforest. It&rsquo;s got hundreds of sales within first days! This was a starting point for all our future work.<\/p>\n\n\n\n<h4 class=\"wp-block-heading\">2000<\/h4>\n\n\n\n<p>We started making commercial websites based our own and on various open source CMS systems. WordPress was not yet born.<br><\/p>\n\n\n\n<p><strong>Web design and web delopment is the only thing we do since then.<\/strong><\/p>\n<\/div>\n<\/div>\n\n\n\n<div style=\"height:100px\" aria-hidden=\"true\" class=\"wp-block-spacer\"><\/div>\n<\/div><\/div>\n\n\n\n\n\n<p><\/p>\n","protected":false},"excerpt":{"rendered":"<p>Ancien militaire, de formation plongeur d\u00e9mineur, analyste-programmeur, webmaster,passionn\u00e9 d&rsquo;informatique, il se lance \u00e0 fond dans cette voie, devient technicien de maintenance en mat\u00e9riels informatis\u00e9s, orient\u00e9 r\u00e9seau, Web, et assistance aux utilisateurs. En 1997, cr\u00e9e son premier site Web, [destinationzebra.tech->http:\/\/www.destinationzebra.tech\/], qui fait royalement 1000 visites en une ann\u00e9e, puis deplaine.com, magazine d&rsquo;information qui cartonne \u00e0 100.000 [&hellip;]<\/p>\n","protected":false},"author":1,"featured_media":0,"parent":0,"menu_order":0,"comment_status":"closed","ping_status":"open","template":"","meta":{"_citadela_hide_page_title":"1","_citadela_remove_header_space":"1","_citadela_custom_class":"","_citadela_header":false,"_citadela_header_over_content":false,"_citadela_header_text_color":"","_citadela_header_logo":[],"_citadela_header_bg_image":[],"_citadela_header_bg_position":[],"_citadela_header_bg_size":"","_citadela_header_bg_repeat":"","_citadela_header_bg_fixed":false,"_citadela_header_bg_color":"","_citadela_header_bg_image_overlay":"","_citadela_header_transparent_bg":false,"_citadela_content_width":"","footnotes":""},"class_list":["post-2","page","type-page","status-publish","hentry"],"_links":{"self":[{"href":"https:\/\/destinationcyber.com\/index.php?rest_route=\/wp\/v2\/pages\/2","targetHints":{"allow":["GET"]}}],"collection":[{"href":"https:\/\/destinationcyber.com\/index.php?rest_route=\/wp\/v2\/pages"}],"about":[{"href":"https:\/\/destinationcyber.com\/index.php?rest_route=\/wp\/v2\/types\/page"}],"author":[{"embeddable":true,"href":"https:\/\/destinationcyber.com\/index.php?rest_route=\/wp\/v2\/users\/1"}],"replies":[{"embeddable":true,"href":"https:\/\/destinationcyber.com\/index.php?rest_route=%2Fwp%2Fv2%2Fcomments&post=2"}],"version-history":[{"count":2,"href":"https:\/\/destinationcyber.com\/index.php?rest_route=\/wp\/v2\/pages\/2\/revisions"}],"predecessor-version":[{"id":10893,"href":"https:\/\/destinationcyber.com\/index.php?rest_route=\/wp\/v2\/pages\/2\/revisions\/10893"}],"wp:attachment":[{"href":"https:\/\/destinationcyber.com\/index.php?rest_route=%2Fwp%2Fv2%2Fmedia&parent=2"}],"curies":[{"name":"wp","href":"https:\/\/api.w.org\/{rel}","templated":true}]}}